{"id":831,"date":"2019-07-30T20:28:43","date_gmt":"2019-07-30T19:28:43","guid":{"rendered":"http:\/\/michalbenedick.com\/?page_id=831"},"modified":"2020-03-30T16:05:58","modified_gmt":"2020-03-30T15:05:58","slug":"stage-mes-missions","status":"publish","type":"page","link":"https:\/\/michalbenedick.com\/index.php\/stage-mes-missions\/","title":{"rendered":"Stage \u00ab\u00a0Mes missions\u00a0\u00bb"},"content":{"rendered":"\n<div class=\"wp-block-columns has-2-columns is-layout-flex wp-container-core-columns-is-layout-28f84493 wp-block-columns-is-layout-flex\">\n<div class=\"wp-block-column is-layout-flow wp-block-column-is-layout-flow\">\n<p>Dans la continuit\u00e9 des stages sur la singularit\u00e9, cette journ\u00e9e explore un panel d\u2019actions qui correspondent \u00e0 votre singularit\u00e9 et les valeurs associ\u00e9es. Pour certain, l\u2019exercice peut aller de \u00ab voil\u00e0 quelque chose que je fais avec plaisir \u00bb \u00e0 \u00ab voil\u00e0 ma mission de vie \u00bb.<\/p>\n\n\n\n<p><strong>Comment ?<\/strong><\/p>\n\n\n\n<p>Par groupe de 4 personnes, cette journ\u00e9e explore la trame de Simon Sinek appliqu\u00e9e \u00e0 vos activit\u00e9s et missions.<\/p>\n\n\n\n<p>Nous remplissons ainsi les 3 \u00e9tages de la matrice pour nous demander&nbsp;:<\/p>\n\n\n\n<ul class=\"wp-block-list\"><li><strong>Pourquoi&nbsp;? <\/strong>Vous retrouverez ici les principes qui ont \u00e9merg\u00e9s lors de la d\u00e9couverte de votre singularit\u00e9<\/li><li><strong>Comment&nbsp;? <\/strong>Vos valeurs et conditions de succ\u00e8s s\u2019inscrivent ici<\/li><li><strong>Quoi&nbsp;?<\/strong> Il s\u2019agit de la palette des actions qui en d\u00e9coulent&nbsp;: certaines sont en lien direct avec la singularit\u00e9, d\u2019autres moins, certaines explorent des actions, d\u2019autres des domaines d\u2019intervention.<\/li><\/ul>\n\n\n\n<p>Votre singularit\u00e9 se loge en toile de fond de ces 3 questions. Elle assure le lien entre les diff\u00e9rents \u00e9l\u00e9ments.<\/p>\n\n\n\n<p>Peut-\u00eatre l\u2019exercice fera-t-il appara\u00eetre des domaines que vous ne vous autorisez pas \u00e0 explorer&nbsp;?<\/p>\n<\/div>\n\n\n\n<div class=\"wp-block-column is-layout-flow wp-block-column-is-layout-flow\">\n<p class=\"has-text-color has-background has-very-dark-gray-color has-very-light-gray-background-color\"> En raison de l\u2019\u00e9pid\u00e9mie, les stages en regroupement sont ajourn\u00e9s. Les s\u00e9ances de coaching ont lieu par visio-conf\u00e9rence. Les stages \u00ab\u00a0Singularit\u00e9\u00a0\u00bb et \u00ab\u00a0Missions\u00a0\u00bb se font en individuel et en visio. Le stage Back to basics a lieu par t\u00e9l\u00e9pathie &#x1f642; Prenez soin de vous ! <\/p>\n\n\n\n<figure class=\"wp-block-image is-resized\"><img loading=\"lazy\" decoding=\"async\" src=\"https:\/\/michalbenedick.com\/wp-content\/uploads\/2019\/07\/golden-circle-simon-sinek-2.png\" alt=\"\" class=\"wp-image-842\" width=\"208\" height=\"197\" srcset=\"https:\/\/michalbenedick.com\/wp-content\/uploads\/2019\/07\/golden-circle-simon-sinek-2.png 347w, https:\/\/michalbenedick.com\/wp-content\/uploads\/2019\/07\/golden-circle-simon-sinek-2-300x285.png 300w, https:\/\/michalbenedick.com\/wp-content\/uploads\/2019\/07\/golden-circle-simon-sinek-2-210x200.png 210w\" sizes=\"auto, (max-width: 208px) 100vw, 208px\" \/><\/figure>\n\n\n\n<p><strong>Infos pratiques :<\/strong><\/p>\n\n\n\n<ul class=\"wp-block-list\">\r\n<li><strong><em>1 journ\u00e9e, de 9h \u00e0 17h30 <\/em><\/strong><\/li>\r\n<li><strong><em>limit\u00e9 \u00e0 4 participants\u00a0<\/em><\/strong><\/li>\r\n<\/ul>\r\n<p><strong>T\u00e9moignage :<\/strong><\/p>\r\n<p>\n\n\n\n<\/p>\r\n<p>\u00ab\u00a0Cette journ\u00e9e pass\u00e9e ensemble m\u2019a permis de retrouver mes ressources et mes rep\u00e8res. Ce qui a particip\u00e9 ce sont le rappel et l\u2019\u00e9claircissement de mon processus singulier et unique, l\u2019exploration des actions qui sont en lien, les \u00e9changes entre nous toutes, l\u2019atmosph\u00e8re bienveillante et s\u00e9curisante que Michal offre lors de ses stages. Le rythme de la journ\u00e9e \u00e9tait tr\u00e8s respectueux de mon confort. C\u2019est un merveilleux compl\u00e9ment du stage sur la singularit\u00e9. \u00ab\u00a0<\/p>\r\n<div class=\"wp-block-button\"><a class=\"wp-block-button__link has-text-color has-very-dark-gray-color has-background has-pale-cyan-blue-background-color\" href=\"https:\/\/michalbenedick.com\/index.php\/inscription-singularite\/\">S&rsquo;inscrire<\/a><\/div>\n<\/div>\n<\/div>\n","protected":false},"excerpt":{"rendered":"<p>Dans la continuit\u00e9 des stages sur la singularit\u00e9, cette journ\u00e9e explore un panel d\u2019actions qui correspondent \u00e0 votre singularit\u00e9 et les valeurs associ\u00e9es. Pour certain, l\u2019exercice peut aller de \u00ab voil\u00e0 quelque chose que je fais avec plaisir \u00bb \u00e0 \u00ab voil\u00e0 ma mission de vie \u00bb. Comment ? Par groupe de 4 personnes, cette [&hellip;]<\/p>\n","protected":false},"author":1,"featured_media":0,"parent":0,"menu_order":0,"comment_status":"closed","ping_status":"closed","template":"","meta":{"_monsterinsights_skip_tracking":false,"_monsterinsights_sitenote_active":false,"_monsterinsights_sitenote_note":"","_monsterinsights_sitenote_category":0,"_glsr_average":0,"_glsr_ranking":0,"_glsr_reviews":0,"footnotes":""},"class_list":["post-831","page","type-page","status-publish","hentry"],"_links":{"self":[{"href":"https:\/\/michalbenedick.com\/index.php\/wp-json\/wp\/v2\/pages\/831","targetHints":{"allow":["GET"]}}],"collection":[{"href":"https:\/\/michalbenedick.com\/index.php\/wp-json\/wp\/v2\/pages"}],"about":[{"href":"https:\/\/michalbenedick.com\/index.php\/wp-json\/wp\/v2\/types\/page"}],"author":[{"embeddable":true,"href":"https:\/\/michalbenedick.com\/index.php\/wp-json\/wp\/v2\/users\/1"}],"replies":[{"embeddable":true,"href":"https:\/\/michalbenedick.com\/index.php\/wp-json\/wp\/v2\/comments?post=831"}],"version-history":[{"count":20,"href":"https:\/\/michalbenedick.com\/index.php\/wp-json\/wp\/v2\/pages\/831\/revisions"}],"predecessor-version":[{"id":1096,"href":"https:\/\/michalbenedick.com\/index.php\/wp-json\/wp\/v2\/pages\/831\/revisions\/1096"}],"wp:attachment":[{"href":"https:\/\/michalbenedick.com\/index.php\/wp-json\/wp\/v2\/media?parent=831"}],"curies":[{"name":"wp","href":"https:\/\/api.w.org\/{rel}","templated":true}]}}

<div class="wp-block-columns has-2-columns is-layout-flex wp-container-core-columns-is-layout-28f84493 wp-block-columns-is-layout-flex">
<div class="wp-block-column is-layout-flow wp-block-column-is-layout-flow">
<p>Dans la continuité des stages sur la singularité, cette journée explore un panel d’actions qui correspondent à votre singularité et les valeurs associées. Pour certain, l’exercice peut aller de « voilà quelque chose que je fais avec plaisir » à « voilà ma mission de vie ».</p>



<p><strong>Comment ?</strong></p>



<p>Par groupe de 4 personnes, cette journée explore la trame de Simon Sinek appliquée à vos activités et missions.</p>



<p>Nous remplissons ainsi les 3 étages de la matrice pour nous demander&nbsp;:</p>



<ul class="wp-block-list"><li><strong>Pourquoi&nbsp;? </strong>Vous retrouverez ici les principes qui ont émergés lors de la découverte de votre singularité</li><li><strong>Comment&nbsp;? </strong>Vos valeurs et conditions de succès s’inscrivent ici</li><li><strong>Quoi&nbsp;?</strong> Il s’agit de la palette des actions qui en découlent&nbsp;: certaines sont en lien direct avec la singularité, d’autres moins, certaines explorent des actions, d’autres des domaines d’intervention.</li></ul>



<p>Votre singularité se loge en toile de fond de ces 3 questions. Elle assure le lien entre les différents éléments.</p>



<p>Peut-être l’exercice fera-t-il apparaître des domaines que vous ne vous autorisez pas à explorer&nbsp;?</p>
</div>



<div class="wp-block-column is-layout-flow wp-block-column-is-layout-flow">
<p class="has-text-color has-background has-very-dark-gray-color has-very-light-gray-background-color"> En raison de l’épidémie, les stages en regroupement sont ajournés. Les séances de coaching ont lieu par visio-conférence. Les stages « Singularité » et « Missions » se font en individuel et en visio. Le stage Back to basics a lieu par télépathie &#x1f642; Prenez soin de vous ! </p>



<figure class="wp-block-image is-resized"><img loading="lazy" decoding="async" src="https://michalbenedick.com/wp-content/uploads/2019/07/golden-circle-simon-sinek-2.png" alt="" class="wp-image-842" width="208" height="197" srcset="https://michalbenedick.com/wp-content/uploads/2019/07/golden-circle-simon-sinek-2.png 347w, https://michalbenedick.com/wp-content/uploads/2019/07/golden-circle-simon-sinek-2-300x285.png 300w, https://michalbenedick.com/wp-content/uploads/2019/07/golden-circle-simon-sinek-2-210x200.png 210w" sizes="auto, (max-width: 208px) 100vw, 208px" /></figure>



<p><strong>Infos pratiques :</strong></p>



<ul class="wp-block-list">
<li><strong><em>1 journée, de 9h à 17h30 </em></strong></li>
<li><strong><em>limité à 4 participants </em></strong></li>
</ul>
<p><strong>Témoignage :</strong></p>
<p>



</p>
<p>« Cette journée passée ensemble m’a permis de retrouver mes ressources et mes repères. Ce qui a participé ce sont le rappel et l’éclaircissement de mon processus singulier et unique, l’exploration des actions qui sont en lien, les échanges entre nous toutes, l’atmosphère bienveillante et sécurisante que Michal offre lors de ses stages. Le rythme de la journée était très respectueux de mon confort. C’est un merveilleux complément du stage sur la singularité. « </p>
<div class="wp-block-button"><a class="wp-block-button__link has-text-color has-very-dark-gray-color has-background has-pale-cyan-blue-background-color" href="https://michalbenedick.com/index.php/inscription-singularite/">S&rsquo;inscrire</a></div>
</div>
</div>

<p>Dans la continuité des stages sur la singularité, cette journée explore un panel d’actions qui correspondent à votre singularité et les valeurs associées. Pour certain, l’exercice peut aller de « voilà quelque chose que je fais avec plaisir » à « voilà ma mission de vie ». Comment ? Par groupe de 4 personnes, cette [&hellip;]</p>
