{"id":731,"date":"2019-04-22T07:45:16","date_gmt":"2019-04-22T06:45:16","guid":{"rendered":"http:\/\/michalbenedick.com\/?page_id=731"},"modified":"2024-08-08T08:36:20","modified_gmt":"2024-08-08T07:36:20","slug":"inscription-singularite","status":"publish","type":"page","link":"https:\/\/michalbenedick.com\/index.php\/inscription-singularite\/","title":{"rendered":"Inscriptions"},"content":{"rendered":"\n<div class=\"wp-block-group alignfull has-accent-2-background-color has-background has-global-padding is-layout-constrained wp-container-core-group-is-layout-cb56e135 wp-block-group-is-layout-constrained\" style=\"margin-top:var(--wp--preset--spacing--10);margin-bottom:var(--wp--preset--spacing--10);padding-top:0;padding-right:var(--wp--preset--spacing--60);padding-bottom:0;padding-left:var(--wp--preset--spacing--60)\">\n<div class=\"wp-block-group alignwide is-layout-flow wp-block-group-is-layout-flow\">\n<div style=\"height:var(--wp--preset--spacing--50)\" aria-hidden=\"true\" class=\"wp-block-spacer\"><\/div>\n\n\n\n<p class=\"has-text-align-center has-heading-font-family has-medium-font-size\" style=\"font-style:normal;font-weight:400;line-height:1.2\">Il n&rsquo;y a pas pour l&rsquo;instant de date pr\u00e9vue pour cette formation. Envoyez un mail pour \u00eatre tenu inform\u00e9 des prochaines sessions.<\/p>\n\n\n\n<div style=\"height:var(--wp--preset--spacing--50)\" aria-hidden=\"true\" class=\"wp-block-spacer\"><\/div>\n<\/div>\n<\/div>\n\n\n<ol>\n<li><span style=\"color: #000000;\">Consultez le tarif qui vous concerne<\/span><\/li>\n<li><span style=\"color: #000000;\">R\u00e9glez l&rsquo;acompte dans le module de vente plus bas dans cette page<\/span><\/li>\n<\/ol>\n\n<table id=\"tablepress-4\" class=\"tablepress tablepress-id-4\">\n<tbody class=\"row-hover\">\n<tr class=\"row-1\">\n\t<td class=\"column-1\"><\/td><td class=\"column-2\">PLEIN TARIF ENTREPRISES<\/td><td class=\"column-3\">PLEIN TARIF PROFESSIONS LIBERALES, TPE<\/td><td class=\"column-4\">PLEIN TARIF<br \/>\nParticuliers<\/td><td class=\"column-5\">PLEIN TARIF, EARLY BIRD, Particuliers<\/td><td class=\"column-6\">TARIF REDUIT<\/td><td class=\"column-7\">TARIF DUO<\/td>\n<\/tr>\n<tr class=\"row-2\">\n\t<td class=\"column-1\"><\/td><td class=\"column-2\"><\/td><td class=\"column-3\"><\/td><td class=\"column-4\">Inscription moins de 2 mois avant la date<\/td><td class=\"column-5\">Inscription plus de 2 mois avant la date<\/td><td class=\"column-6\">Etudiants, demandeurs d'emploi<\/td><td class=\"column-7\">Tarif unitaire pour les personnes qui s'inscrivent par 2<\/td>\n<\/tr>\n<tr class=\"row-3\">\n\t<td class=\"column-1\">Stage \"Singularit\u00e9\"<\/td><td class=\"column-2\">1050\u20ac<\/td><td class=\"column-3\">850\u20ac<\/td><td class=\"column-4\">650\u20ac<\/td><td class=\"column-5\">600\u20ac<\/td><td class=\"column-6\">400\u20ac<\/td><td class=\"column-7\">550\u20ac<\/td>\n<\/tr>\n<tr class=\"row-4\">\n\t<td class=\"column-1\">Stage \"Missions\"<\/td><td class=\"column-2\">\/<\/td><td class=\"column-3\">\/<\/td><td class=\"column-4\">350\u20ac<\/td><td class=\"column-5\">300\u20ac<\/td><td class=\"column-6\">220\u20ac<\/td><td class=\"column-7\">270\u20ac<\/td>\n<\/tr>\n<tr class=\"row-5\">\n\t<td class=\"column-1\">Stage \"Back to basics\"<\/td><td class=\"column-2\">\/<\/td><td class=\"column-3\">\/<\/td><td class=\"column-4\">300\u20ac<\/td><td class=\"column-5\">275\u20ac<\/td><td class=\"column-6\">190\u20ac<\/td><td class=\"column-7\">250\u20ac<\/td>\n<\/tr>\n<\/tbody>\n<\/table>\n<!-- #tablepress-4 from cache -->\n<p><span style=\"color: #ff0000;\">&gt;&gt; La r\u00e9servation de votre place est valid\u00e9e d\u00e8s r\u00e9ception acompte (montant ci-dessous). Le solde sera \u00e0 r\u00e9gler au premier jour de la formation. <span style=\"color: #000000;\">Les tarifs ne sont pas assujettis \u00e0 la TVA.\u00a0<\/span><\/span><\/p>\n<p><a class=\"shop_frame\" title=\"Vente de billets en ligne\" href=\"https:\/\/www.billetweb.fr\/shop.php?event=affirmez-votre-singularite\" target=\"_blank\" rel=\"noopener noreferrer\" data-src=\"https:\/\/www.billetweb.fr\/shop.php?event=affirmez-votre-singularite\" data-max-width=\"100%\" data-initial-height=\"600\" data-scrolling=\"no\" data-id=\"affirmez-votre-singularite\" data-resize=\"1\">Vente de billets en ligne<\/a><script type=\"text\/javascript\" src=\"https:\/\/www.billetweb.fr\/js\/export.js\"><\/script><\/p>\n<p><script type=\"text\/javascript\" src=\"https:\/\/www.billetweb.fr\/js\/export.js\"><\/script><span style=\"color: #808080;\">En cas d\u2019annulation du participant, l\u2019acompte vers\u00e9 :<\/span><\/p>\n<ul>\n<li><span style=\"color: #808080;\">est rembours\u00e9 si le participant se d\u00e9siste plus de 30 jours avant le d\u00e9marrage de la formation<\/span><\/li>\n<li><span style=\"color: #808080;\">est encaiss\u00e9 si le client se d\u00e9siste moins de 30 jours avant le d\u00e9marrage de la formation<\/span><\/li>\n<\/ul>\n<p><span style=\"color: #808080;\">En cas d\u2019annulation du fait du formateur, tous les montants vers\u00e9s sont rembours\u00e9s au participant.<\/span><\/p>\n<p><span style=\"color: #808080;\">Consulter les <a href=\"https:\/\/michalbenedick.com\/wp-content\/uploads\/2024\/08\/CGV-maj-janv2024-1.pdf\" target=\"_blank\" rel=\"noopener\">Conditions G\u00e9n\u00e9rales de Vente<\/a>.<\/span><\/p>","protected":false},"excerpt":{"rendered":"<p>Il n&rsquo;y a pas pour l&rsquo;instant de date pr\u00e9vue pour cette formation. Envoyez un mail pour \u00eatre tenu inform\u00e9 des prochaines sessions. Consultez le tarif qui vous concerne R\u00e9glez l&rsquo;acompte dans le module de vente plus bas dans cette page &gt;&gt; La r\u00e9servation de votre place est valid\u00e9e d\u00e8s r\u00e9ception acompte (montant ci-dessous). Le solde [&hellip;]<\/p>\n","protected":false},"author":1,"featured_media":0,"parent":0,"menu_order":0,"comment_status":"closed","ping_status":"closed","template":"","meta":{"_monsterinsights_skip_tracking":false,"_monsterinsights_sitenote_active":false,"_monsterinsights_sitenote_note":"","_monsterinsights_sitenote_category":0,"_glsr_average":0,"_glsr_ranking":0,"_glsr_reviews":0,"footnotes":""},"class_list":["post-731","page","type-page","status-publish","hentry"],"_links":{"self":[{"href":"https:\/\/michalbenedick.com\/index.php\/wp-json\/wp\/v2\/pages\/731","targetHints":{"allow":["GET"]}}],"collection":[{"href":"https:\/\/michalbenedick.com\/index.php\/wp-json\/wp\/v2\/pages"}],"about":[{"href":"https:\/\/michalbenedick.com\/index.php\/wp-json\/wp\/v2\/types\/page"}],"author":[{"embeddable":true,"href":"https:\/\/michalbenedick.com\/index.php\/wp-json\/wp\/v2\/users\/1"}],"replies":[{"embeddable":true,"href":"https:\/\/michalbenedick.com\/index.php\/wp-json\/wp\/v2\/comments?post=731"}],"version-history":[{"count":19,"href":"https:\/\/michalbenedick.com\/index.php\/wp-json\/wp\/v2\/pages\/731\/revisions"}],"predecessor-version":[{"id":1728,"href":"https:\/\/michalbenedick.com\/index.php\/wp-json\/wp\/v2\/pages\/731\/revisions\/1728"}],"wp:attachment":[{"href":"https:\/\/michalbenedick.com\/index.php\/wp-json\/wp\/v2\/media?parent=731"}],"curies":[{"name":"wp","href":"https:\/\/api.w.org\/{rel}","templated":true}]}}