{"id":1163,"date":"2020-10-21T17:50:00","date_gmt":"2020-10-21T16:50:00","guid":{"rendered":"http:\/\/michalbenedick.com\/?page_id=1163"},"modified":"2026-04-16T14:37:32","modified_gmt":"2026-04-16T13:37:32","slug":"bilan-de-competences","status":"publish","type":"page","link":"https:\/\/michalbenedick.com\/index.php\/bilan-de-competences\/","title":{"rendered":"Bilan de comp\u00e9tences"},"content":{"rendered":"\n<p>Le bilan de comp\u00e9tences permet de faire le point sur se comp\u00e9tences, son parcours, ses app\u00e9tences professionnelles. C&rsquo;est un bel outil de projection et de mise en mouvement. Le bilan de comp\u00e9tences est encadr\u00e9 par le Code du travail.<\/p>\n\n\n\n<p><strong>Objectifs<\/strong><\/p>\n\n\n\n<ul class=\"wp-block-list\">\n<li>Observer ses aptitudes spontan\u00e9es pour orienter ou r\u00e9orienter sa carri\u00e8re et son action professionnelle<\/li>\n\n\n\n<li>Se mettre en action vers une reconversion ou une recherche de formation<\/li>\n\n\n\n<li>Etre en mesure de communiquer sa valeur ajout\u00e9e singuli\u00e8re<\/li>\n\n\n\n<li>Comprendre les conditions dont on a besoin pour performer<\/li>\n<\/ul>\n\n\n\n<p><strong>Publics concern\u00e9s<\/strong><\/p>\n\n\n\n<p>Salari\u00e9s du secteur public ou priv\u00e9, Demandeurs d\u2019emploi, Professions lib\u00e9rales, Entrepreneurs, Agents de la Fonction Publique, Demandeurs d\u2019Emploi, personnes en arr\u00eat de travail, cong\u00e9 parental, Particuliers, et Toute personne qui souhaite s\u2019orienter ou se r\u00e9orienter, faire un bilan de sa carri\u00e8re ou faire \u00e9voluer son activit\u00e9 professionnelle.<\/p>\n\n\n\n<p><strong>Dates<\/strong> : \u00e0 d\u00e9finir ensemble<\/p>\n\n\n\n<p><strong>Dur\u00e9e&nbsp;:<\/strong>&nbsp;Selon la formule choisie, 10, 13 ou 24 heures d\u2019accompagnement (cf. art. L6322-44 du Code du travail). Le bilan de comp\u00e9tences ne s&rsquo;\u00e9tale pas sur une longue p\u00e9riode.<\/p>\n\n\n\n<div class=\"wp-block-group alignfull has-accent-2-background-color has-background has-small-font-size has-global-padding is-layout-constrained wp-container-core-group-is-layout-16613d2d wp-block-group-is-layout-constrained\" style=\"margin-top:var(--wp--preset--spacing--10);margin-bottom:var(--wp--preset--spacing--10);padding-top:var(--wp--preset--spacing--30);padding-right:var(--wp--preset--spacing--40);padding-bottom:var(--wp--preset--spacing--30);padding-left:var(--wp--preset--spacing--40)\">\n<h1 class=\"wp-block-heading has-text-align-center has-large-font-size\"><em><br>Satisfaction globale pour le bilan de comp\u00e9tences : 9,4\/10<\/em><\/h1>\n\n\n\n<p class=\"has-text-align-center has-small-font-size\">sur 30 r\u00e9ponses au questionnaire de satisfaction<\/p>\n<\/div>\n\n\n\n<div class=\"wp-block-group alignfull has-global-padding is-layout-constrained wp-container-core-group-is-layout-669513ed wp-block-group-is-layout-constrained\" style=\"margin-top:0;margin-bottom:0;padding-top:var(--wp--preset--spacing--50);padding-right:var(--wp--preset--spacing--50);padding-bottom:var(--wp--preset--spacing--50);padding-left:var(--wp--preset--spacing--50)\">\n<div class=\"wp-block-group alignwide has-base-2-background-color has-background has-global-padding is-layout-constrained wp-container-core-group-is-layout-a151063b wp-block-group-is-layout-constrained\" style=\"border-radius:16px;padding-top:var(--wp--preset--spacing--50);padding-right:var(--wp--preset--spacing--40);padding-bottom:var(--wp--preset--spacing--50);padding-left:var(--wp--preset--spacing--40)\">\n<div class=\"wp-block-group alignwide is-vertical is-content-justification-stretch is-layout-flex wp-container-core-group-is-layout-353c4f5a wp-block-group-is-layout-flex\">\n<h2 class=\"wp-block-heading has-text-align-center\">Votre bilan de comp\u00e9tences<\/h2>\n\n\n\n<p class=\"has-text-align-center\" style=\"margin-top:var(--wp--preset--spacing--10);font-size:clamp(0.875rem, 0.875rem + ((1vw - 0.2rem) * 0.417), 1.125rem);\">Chaque accompagnement se base sur votre singularit\u00e9.<\/p>\n<\/div>\n\n\n\n<div style=\"height:var(--wp--preset--spacing--30)\" aria-hidden=\"true\" class=\"wp-block-spacer\"><\/div>\n\n\n\n<div class=\"wp-block-columns alignwide is-layout-flex wp-container-core-columns-is-layout-06670bbc wp-block-columns-is-layout-flex\">\n<div class=\"wp-block-column is-layout-flow wp-block-column-is-layout-flow\" style=\"border-top-color:var(--wp--preset--color--contrast-3);border-top-width:1px;padding-top:var(--wp--preset--spacing--30);padding-right:var(--wp--preset--spacing--30);padding-bottom:var(--wp--preset--spacing--10);padding-left:var(--wp--preset--spacing--30)\">\n<h5 class=\"wp-block-heading has-text-align-center has-accent-2-color has-text-color has-link-color has-x-large-font-size wp-elements-c62d146d1917d62b1383ee39050915c8\">Bilan de comp\u00e9tences Ind court<\/h5>\n\n\n\n<div style=\"height:var(--wp--preset--spacing--10)\" aria-hidden=\"true\" class=\"wp-block-spacer\"><\/div>\n\n\n\n<div class=\"wp-block-group is-vertical is-content-justification-stretch is-layout-flex wp-container-core-group-is-layout-353c4f5a wp-block-group-is-layout-flex\">\n<p class=\"has-text-align-center\">8h en individuel<\/p>\n\n\n\n<hr class=\"wp-block-separator has-alpha-channel-opacity is-style-wide wp-container-content-9cfa9a5a\"\/>\n\n\n\n<p class=\"has-text-align-center\">1000\u20ac<\/p>\n\n\n\n<p class=\"has-text-align-center\">non assujetti \u00e0 la TVA. Eligible CPF*<\/p>\n\n\n\n<hr class=\"wp-block-separator has-text-color has-contrast-3-color has-alpha-channel-opacity has-contrast-3-background-color has-background is-style-wide\"\/>\n\n\n\n<p class=\"has-text-align-center\">Remise d&rsquo;un document de synth\u00e8se en fin d&rsquo;accompagnement<\/p>\n<\/div>\n\n\n\n<div style=\"height:var(--wp--preset--spacing--10)\" aria-hidden=\"true\" class=\"wp-block-spacer\"><\/div>\n\n\n\n<div class=\"wp-block-buttons is-content-justification-center is-layout-flex wp-container-core-buttons-is-layout-a89b3969 wp-block-buttons-is-layout-flex\">\n<div class=\"wp-block-button has-custom-width wp-block-button__width-100 is-style-fill\"><a class=\"wp-block-button__link has-base-2-color has-accent-2-background-color has-text-color has-background has-link-color wp-element-button\" href=\"https:\/\/michalbenedick.com\/wp-content\/uploads\/2024\/08\/BILAN-DE-COMPETENCES-Programme-en-individuel.pdf\" target=\"_blank\" rel=\"noreferrer noopener\">Plus d&rsquo;infos<\/a><\/div>\n<\/div>\n<\/div>\n\n\n\n<div class=\"wp-block-column is-layout-flow wp-block-column-is-layout-flow\" style=\"border-top-color:var(--wp--preset--color--contrast-3);border-top-width:1px;padding-top:var(--wp--preset--spacing--30);padding-right:var(--wp--preset--spacing--30);padding-bottom:var(--wp--preset--spacing--10);padding-left:var(--wp--preset--spacing--30)\">\n<h5 class=\"wp-block-heading has-text-align-center has-accent-2-color has-text-color has-link-color has-x-large-font-size wp-elements-69ccbbff426922f4591c5bf28584841d\">Bilan de carri\u00e8re<\/h5>\n\n\n\n<div style=\"height:var(--wp--preset--spacing--10)\" aria-hidden=\"true\" class=\"wp-block-spacer\"><\/div>\n\n\n\n<div class=\"wp-block-group is-vertical is-content-justification-stretch is-layout-flex wp-container-core-group-is-layout-353c4f5a wp-block-group-is-layout-flex\">\n<p class=\"has-text-align-center\">13h en individuel<\/p>\n\n\n\n<hr class=\"wp-block-separator has-text-color has-contrast-3-color has-alpha-channel-opacity has-contrast-3-background-color has-background is-style-wide wp-container-content-9cfa9a5a\"\/>\n\n\n\n<p class=\"has-text-align-center wp-container-content-9cfa9a5a\">1600\u20ac<\/p>\n\n\n\n<p class=\"has-text-align-center\">non assujetti \u00e0 la TVA. Eligible CPF*<\/p>\n\n\n\n<hr class=\"wp-block-separator has-alpha-channel-opacity is-style-wide\"\/>\n\n\n\n<p class=\"has-text-align-center has-contrast-color has-text-color has-link-color wp-elements-6427d943ba4dc71aa5c61a2467991747\">Remise d&rsquo;un document de synth\u00e8se en fin d&rsquo;accompagnement<\/p>\n<\/div>\n\n\n\n<div style=\"height:var(--wp--preset--spacing--10)\" aria-hidden=\"true\" class=\"wp-block-spacer\"><\/div>\n\n\n\n<div class=\"wp-block-buttons is-content-justification-center is-layout-flex wp-container-core-buttons-is-layout-a89b3969 wp-block-buttons-is-layout-flex\">\n<div class=\"wp-block-button has-custom-width wp-block-button__width-100 is-style-fill\"><a class=\"wp-block-button__link has-accent-2-background-color has-background wp-element-button\" href=\"https:\/\/michalbenedick.com\/wp-content\/uploads\/2026\/04\/BILAN-DE-CARRIERE-Programme-2026.pdf\" target=\"_blank\" rel=\"noreferrer noopener\">Plus d&rsquo;infos<\/a><\/div>\n<\/div>\n<\/div>\n\n\n\n<div class=\"wp-block-column is-layout-flow wp-block-column-is-layout-flow\" style=\"border-top-color:var(--wp--preset--color--contrast);border-top-width:2px;padding-top:var(--wp--preset--spacing--30);padding-right:var(--wp--preset--spacing--30);padding-bottom:var(--wp--preset--spacing--10);padding-left:var(--wp--preset--spacing--30)\">\n<h5 class=\"wp-block-heading has-text-align-center has-accent-2-color has-text-color has-link-color has-x-large-font-size wp-elements-8d4ed768440910c50256df7e6bf3af77\">Bilan de comp\u00e9tences Mixte<\/h5>\n\n\n\n<div style=\"height:var(--wp--preset--spacing--10)\" aria-hidden=\"true\" class=\"wp-block-spacer\"><\/div>\n\n\n\n<div class=\"wp-block-group is-vertical is-content-justification-stretch is-layout-flex wp-container-core-group-is-layout-353c4f5a wp-block-group-is-layout-flex\">\n<p class=\"has-text-align-center\">24h individuel + ateliers collectifs<\/p>\n\n\n\n<hr class=\"wp-block-separator has-alpha-channel-opacity is-style-wide wp-container-content-9cfa9a5a\"\/>\n<\/div>\n\n\n\n<p class=\"has-text-align-center\">1900\u20ac<\/p>\n\n\n\n<p class=\"has-text-align-center\">non assujetti \u00e0 la TVA. Eligible CPF*<\/p>\n\n\n\n<div class=\"wp-block-group is-vertical is-content-justification-stretch is-layout-flex wp-container-core-group-is-layout-353c4f5a wp-block-group-is-layout-flex\">\n<hr class=\"wp-block-separator has-text-color has-contrast-3-color has-alpha-channel-opacity has-contrast-3-background-color has-background is-style-wide\"\/>\n\n\n\n<p class=\"has-text-align-center\">Remise d&rsquo;un document de synth\u00e8se en fin d&rsquo;accompagnement<\/p>\n<\/div>\n\n\n\n<div style=\"height:var(--wp--preset--spacing--10)\" aria-hidden=\"true\" class=\"wp-block-spacer\"><\/div>\n\n\n\n<div class=\"wp-block-buttons is-content-justification-center is-layout-flex wp-container-core-buttons-is-layout-a89b3969 wp-block-buttons-is-layout-flex\">\n<div class=\"wp-block-button has-custom-width wp-block-button__width-100 is-style-fill\"><a class=\"wp-block-button__link has-accent-2-background-color has-background wp-element-button\" href=\"https:\/\/michalbenedick.com\/wp-content\/uploads\/2026\/04\/BILAN-DE-COMPETENCES-Programme-mixte-collectif-2026.pdf\" target=\"_blank\" rel=\"noreferrer noopener\">Plus d&rsquo;infos<\/a><\/div>\n<\/div>\n<\/div>\n<\/div>\n\n\n\n<p><\/p>\n\n\n\n<p class=\"has-text-align-center has-small-font-size\">* Financement CPF (Compte Personnel de Formation) : 150\u20ac restent \u00e0 votre charge, depuis le 1 avril 2026.<\/p>\n<\/div>\n<\/div>\n\n\n\n<p>Conform\u00e9ment \u00e0 la loi (art. R6322-35 et R6322-37 du Code du travail) le bilan de comp\u00e9tence se d\u00e9roule en 3 phases&nbsp;:<\/p>\n\n\n\n<div class=\"wp-block-columns is-layout-flex wp-container-core-columns-is-layout-28f84493 wp-block-columns-is-layout-flex\">\n<div class=\"wp-block-column is-layout-flow wp-block-column-is-layout-flow\">\n<p class=\"has-text-align-center has-accent-2-color has-text-color has-huge-font-size\"><strong>1<\/strong><\/p>\n\n\n\n<p class=\"has-text-align-center has-accent-2-color has-text-color\"><strong>PHASE PRELIMINAIRE<\/strong><\/p>\n\n\n\n<ul class=\"wp-block-list\">\n<li>analyser la demande et le besoin du b\u00e9n\u00e9ficiaire,<\/li>\n\n\n\n<li>d\u00e9terminer le format le plus adapt\u00e9 \u00e0 la situation et au besoin,<\/li>\n\n\n\n<li>d\u00e9finir conjointement les modalit\u00e9s de d\u00e9roulement du bilan.<\/li>\n<\/ul>\n<\/div>\n\n\n\n<div class=\"wp-block-column is-layout-flow wp-block-column-is-layout-flow\">\n<p class=\"has-text-align-center has-accent-2-color has-text-color has-huge-font-size\"><strong>2<\/strong><\/p>\n\n\n\n<p class=\"has-text-align-center has-accent-2-color has-text-color\"><strong>PHASE D&rsquo;INVESTIGATION<\/strong><\/p>\n\n\n\n<ul class=\"wp-block-list\">\n<li>permet au b\u00e9n\u00e9ficiaire&nbsp;de construire son projet professionnel et d\u2019en v\u00e9rifier la pertinence ou bien d\u2019\u00e9laborer une ou plusieurs alternatives.<\/li>\n\n\n\n<li>Une alternance de RDV pour nommer vos forces, vos valeurs, votre singularit\u00e9, du travail personnel et des actions sur le terrain<\/li>\n<\/ul>\n<\/div>\n\n\n\n<div class=\"wp-block-column is-layout-flow wp-block-column-is-layout-flow\">\n<p class=\"has-text-align-center has-accent-2-color has-text-color has-huge-font-size\"><strong>3<\/strong><\/p>\n\n\n\n<p class=\"has-text-align-center has-accent-2-color has-text-color\"><strong>PHASE DE CONCLUSION<\/strong><\/p>\n\n\n\n<ul class=\"wp-block-list\">\n<li>s\u2019approprier les r\u00e9sultats d\u00e9taill\u00e9s de la phase d\u2019investigation,<\/li>\n\n\n\n<li>recenser les conditions et moyens favorisant la r\u00e9alisation du ou des projets professionnels,<\/li>\n\n\n\n<li>pr\u00e9voir les principales modalit\u00e9s et \u00e9tapes du ou des projets professionnels, dont la possibilit\u00e9 de b\u00e9n\u00e9ficier d\u2019un entretien de suivi avec le prestataire de bilan.<\/li>\n<\/ul>\n<\/div>\n<\/div>\n\n\n\n<p>L&rsquo;accompagnement est contractualis\u00e9 par une convention. Les 24 heures d&rsquo;accompagnement peuvent \u00eatre compos\u00e9es de RDV individuels et de sessions collectives, en alternance. A l\u2019issue de la phase de conclusion, un document de synth\u00e8se est remis au b\u00e9n\u00e9ficiaire. Il d\u00e9taille les r\u00e9sultats observ\u00e9s lors de l\u2019accompagnement. Ce document est strictement confidentiel.<\/p>\n\n\n\n<div class=\"wp-block-buttons is-content-justification-center is-layout-flex wp-container-core-buttons-is-layout-a89b3969 wp-block-buttons-is-layout-flex\">\n<div class=\"wp-block-button is-style-fill\"><a class=\"wp-block-button__link has-accent-2-background-color has-background wp-element-button\" href=\"https:\/\/michalbenedick.com\/index.php\/acces-financement-et-accessibilite-du-bilan-de-competences\/\" style=\"padding-top:var(--wp--preset--spacing--10);padding-right:var(--wp--preset--spacing--30);padding-bottom:var(--wp--preset--spacing--10);padding-left:var(--wp--preset--spacing--30)\">Acc\u00e8s, Financement et Accessibilit\u00e9 du Bilan de comp\u00e9tences<\/a><\/div>\n<\/div>\n\n\n\n<p><\/p>\n\n\n\n<p><strong>Formation accessible aux personnes handicap\u00e9es :<\/strong><\/p>\n\n\n\n<ul class=\"wp-block-list\">\n<li>Lieu de formation adapt\u00e9 \u00e0 l\u2019accueil des personnes handicap\u00e9es moteur.<\/li>\n\n\n\n<li>Personnes mal voyantes et mal entendantes : des adaptations sont possibles, nous consulter.<\/li>\n<\/ul>\n\n\n\n<p><\/p>\n\n\n\n<p><a href=\"https:\/\/michalbenedick.com\/index.php\/contact\/\" data-type=\"page\" data-id=\"1400\">Contactez-nous<\/a> pour toute question !<\/p>\n\n\n\n<p>Consultez nos <a href=\"https:\/\/michalbenedick.com\/wp-content\/uploads\/2024\/08\/CGV-maj-janv2024-1.pdf\">Conditions G\u00e9n\u00e9rales de Vente<\/a>.<\/p>\n","protected":false},"excerpt":{"rendered":"<p>Le bilan de comp\u00e9tences permet de faire le point sur se comp\u00e9tences, son parcours, ses app\u00e9tences professionnelles. C&rsquo;est un bel outil de projection et de mise en mouvement. Le bilan de comp\u00e9tences est encadr\u00e9 par le Code du travail. Objectifs Publics concern\u00e9s Salari\u00e9s du secteur public ou priv\u00e9, Demandeurs d\u2019emploi, Professions lib\u00e9rales, Entrepreneurs, Agents de [&hellip;]<\/p>\n","protected":false},"author":1,"featured_media":0,"parent":0,"menu_order":0,"comment_status":"closed","ping_status":"closed","template":"","meta":{"_monsterinsights_skip_tracking":false,"_monsterinsights_sitenote_active":false,"_monsterinsights_sitenote_note":"","_monsterinsights_sitenote_category":0,"_glsr_average":0,"_glsr_ranking":0,"_glsr_reviews":0,"footnotes":""},"class_list":["post-1163","page","type-page","status-publish","hentry"],"_links":{"self":[{"href":"https:\/\/michalbenedick.com\/index.php\/wp-json\/wp\/v2\/pages\/1163","targetHints":{"allow":["GET"]}}],"collection":[{"href":"https:\/\/michalbenedick.com\/index.php\/wp-json\/wp\/v2\/pages"}],"about":[{"href":"https:\/\/michalbenedick.com\/index.php\/wp-json\/wp\/v2\/types\/page"}],"author":[{"embeddable":true,"href":"https:\/\/michalbenedick.com\/index.php\/wp-json\/wp\/v2\/users\/1"}],"replies":[{"embeddable":true,"href":"https:\/\/michalbenedick.com\/index.php\/wp-json\/wp\/v2\/comments?post=1163"}],"version-history":[{"count":65,"href":"https:\/\/michalbenedick.com\/index.php\/wp-json\/wp\/v2\/pages\/1163\/revisions"}],"predecessor-version":[{"id":2147,"href":"https:\/\/michalbenedick.com\/index.php\/wp-json\/wp\/v2\/pages\/1163\/revisions\/2147"}],"wp:attachment":[{"href":"https:\/\/michalbenedick.com\/index.php\/wp-json\/wp\/v2\/media?parent=1163"}],"curies":[{"name":"wp","href":"https:\/\/api.w.org\/{rel}","templated":true}]}}